{"id":83,"date":"2018-08-20T14:45:43","date_gmt":"2018-08-20T12:45:43","guid":{"rendered":"http:\/\/xn--rotrosagrn-ieb.de\/?page_id=83"},"modified":"2026-02-06T23:36:13","modified_gmt":"2026-02-06T22:36:13","slug":"beginn","status":"publish","type":"page","link":"https:\/\/xn--rotrosagrn-ieb.de\/","title":{"rendered":"Fellbach einrichten"},"content":{"rendered":"\n<p>Rotrosagr\u00fcn steht f\u00fcr eine Zusammenarbeit der roten Sozialdemokratischen Partei Deutschlands (SPD), von B\u00fcndnis 90\/Die Gr\u00fcnen, dem Zusammenschlu\u00df der Westgr\u00fcnen mit der ostdeutschen B\u00fcrgerrechtsbewegung von 1989 und den Linken, die rosa sind wegen der Bewegung der Schwulen, Lesben, Bisexuellen und Transsexuellen und den Hochrechnungen im Fernsehen mit den rosa Balken.<\/p>\n\n\n\n<p>Im Falle dieser Seite beschr\u00e4nkt sich das Ganze auf das Gebiet von Fellbach, Schmiden, Oeffingen und dem Lindle und dem dortigen Gemeinderat mit den jeweiligen Ortsparteivorst\u00e4nden.<br>\nDer Gemeinderat hat dort <strong>32<\/strong> Sitze<strong>, <\/strong>davon <strong><span style=\"color: #ff0000;\">SPD<\/span> 5<\/strong><strong>, <\/strong><strong><span style=\"color: #339966;\">B\u00fcndnis 90\/Die Gr\u00fcnen<\/span> 5<\/strong>. Die konservative gelb-schwarze \u00dcbermacht verf\u00fcgt \u00fcber 22 Sitze: CDU 8, Freie W\u00e4hlerinnen\/Freie Demokratinnen 10, Stadtmacherinnen 4.<\/p>\n\n\n\n<p>Jeder Einzelnen sei es gedankt, die der Linken Liste ihre Stimmen gaben am 26. Mai 2019. Der Genosse amokfisch r\u00fcckte einmalig in den Gemeinderat ein f\u00fcr die kommenden 5 Jahre, die ersten drei Jahre f\u00fcr die Linke, die letzten beiden Jahre f\u00fcr die SPD. Ich erhielt 3.341 Stimmen bei 1,65 % f\u00fcr die Linke Liste. Es gab 67 Menschen bei der Wahl, die mehr Stimmen bekamen. Mit der gro\u00dfen Gesamtstimmenzahl und der Bevorzugung kleiner Listen konnte der Stadtratssitz f\u00fcr uns errungen werden.&nbsp; Stimmenk\u00f6nig war wieder Ulrich Lenk von der FDP, er ist unter anderem Pr\u00e4sident des TSV Schmiden und war Rektor der Kaufm\u00e4nnischen Schule Waiblingen. Die Wahlbeteiligung lag bei 56 %. Seit dem 1. September 2022 geh\u00f6rte ich wieder der SPD und zum ersten Mal ihrer Fraktion an.<\/p>\n\n\n\n<p>Am 9. Juni 2024 bekam ich 2.177 Stimmen (vielen Dank daf\u00fcr!) f\u00fcr die SPD. Da bin ich nun neunter Nachr\u00fccker. Das wird dann nichts mehr in dieser Periode. Alt und neu im Gemeinderat: Sebastian B\u00fcrkle, Andreas M\u00f6hlmann, Ruth Lemaire, G\u00f6kay Sofuoglu und Hans-Peter Krause. Nachger\u00fcckt f\u00fcr Sebastian B\u00fcrkle ist Doktorin Birgit Berg. Wahlbeteiligung 58 %. Stimmenk\u00f6nig ist diesmal der Landwirt Peter Treiber von den Freien (FW\/FD). Beim Kreistag Rems-Murr bekam ich 1.171 Stimmen und bin sechster Nachr\u00fccker. Gew\u00e4hlt ist hier Sebastian B\u00fcrkle.<\/p>\n\n\n\n<p>Die Linke ist 2024 nicht wieder angetreten, im ganzen Rems-Murr-Kreis nicht, weder zum Kreistag, noch zu den Gemeinder\u00e4ten. Die drei von der WufF-Liste (wir unabh\u00e4ngig f\u00fcr Fellbach) haben es auch nicht geschafft. Der Alptraum f\u00fcr Deutschland (AfD) hat erneut keine Liste f\u00fcr die Gemeinderatswahl in Fellbach aufgestellt. Das ist gut so, denn Faschismus ist keine Einstellung, sondern ein Verbrechen.<\/p>\n\n\n\n<p>Die Sendung &#8222;die Fellb\u00e4cherin&#8220; ist Geschichte, daf\u00fcr gibt es jetzt &#8222;die Galeere&#8220; im Freien Radio f\u00fcr Stuttgart jeden zweiten und vierten Freitag im Monat von 9 bis 11 Uhr morgens, mit spannenden Studiog\u00e4sten aus der Kappelbergstadt und dar\u00fcber hinaus oder auch reiner Weltmusik <a href=\"http:\/\/www.freies-radio.de\">http:\/\/www.freies-radio.de<\/a>. W\u00f6chentliche Eintr\u00e4ge zu Fellbach findest du hier unter der zweiten Seite zeitnah. Veranstaltungen bewerbe ich auf der vierten und letzten Seite hier. Ich bitte um Kommentare und Anfragen nach Sendungsmitschnitten. Vielen Dank!<\/p>\n\n\n\n<p><\/p>\n","protected":false},"excerpt":{"rendered":"<p>Rotrosagr\u00fcn steht f\u00fcr eine Zusammenarbeit der roten Sozialdemokratischen Partei Deutschlands (SPD), von B\u00fcndnis 90\/Die Gr\u00fcnen, dem Zusammenschlu\u00df der Westgr\u00fcnen mit der ostdeutschen B\u00fcrgerrechtsbewegung von 1989 und den Linken, die rosa sind wegen der Bewegung der Schwulen, Lesben, Bisexuellen und Transsexuellen und den Hochrechnungen im Fernsehen mit den rosa Balken. Im Falle dieser Seite beschr\u00e4nkt sich [&hellip;]<\/p>\n","protected":false},"author":1,"featured_media":0,"parent":0,"menu_order":0,"comment_status":"closed","ping_status":"closed","template":"","meta":{"footnotes":""},"class_list":["post-83","page","type-page","status-publish","hentry"],"_links":{"self":[{"href":"https:\/\/xn--rotrosagrn-ieb.de\/index.php?rest_route=\/wp\/v2\/pages\/83","targetHints":{"allow":["GET"]}}],"collection":[{"href":"https:\/\/xn--rotrosagrn-ieb.de\/index.php?rest_route=\/wp\/v2\/pages"}],"about":[{"href":"https:\/\/xn--rotrosagrn-ieb.de\/index.php?rest_route=\/wp\/v2\/types\/page"}],"author":[{"embeddable":true,"href":"https:\/\/xn--rotrosagrn-ieb.de\/index.php?rest_route=\/wp\/v2\/users\/1"}],"replies":[{"embeddable":true,"href":"https:\/\/xn--rotrosagrn-ieb.de\/index.php?rest_route=%2Fwp%2Fv2%2Fcomments&post=83"}],"version-history":[{"count":66,"href":"https:\/\/xn--rotrosagrn-ieb.de\/index.php?rest_route=\/wp\/v2\/pages\/83\/revisions"}],"predecessor-version":[{"id":2049,"href":"https:\/\/xn--rotrosagrn-ieb.de\/index.php?rest_route=\/wp\/v2\/pages\/83\/revisions\/2049"}],"wp:attachment":[{"href":"https:\/\/xn--rotrosagrn-ieb.de\/index.php?rest_route=%2Fwp%2Fv2%2Fmedia&parent=83"}],"curies":[{"name":"wp","href":"https:\/\/api.w.org\/{rel}","templated":true}]}}